the highest common factor of 858 and p?
78
Let i(a) be the third derivative of 5*a**4/24 - 49*a**3/6 + 23*a**2. Let n be i(11). Calculate the highest common factor of 21 and n.
3
Suppose 0 = -2*j + 4*v + 1136, -13*j + 15*j + 5*v - 1145 = 0. What is the greatest common divisor of 15 and j?
15
Suppose -2*f + 5*f = 2*r - 8, -4*r = f - 2. Let o(s) = 12*s + 16*s + 27*s + 1. Let t be o(r). Calculate the greatest common divisor of 8 and t.
8
Let b(i) = -415*i + 103. Let f be b(-4). What is the greatest common factor of 86 and f?
43
Suppose -3*r + 37 = 5*s - 4*r, -46 = -5*s - 2*r. Let p be 4/s*6*2. Suppose p*u = 2*u + 352. What is the highest common factor of u and 8?
8
Suppose -3*x + 15 = 2*x. Let s be 14/49 - (-12)/7. Suppose 0*j + s = 2*j, 4*j = -x*v + 70. Calculate the highest common factor of v and 11.
11
Let w(c) = 122*c - 248. Let x be w(12). What is the greatest common divisor of x and 38?
38
Let d(o) = 72*o. Let h(c) = -c. Let z(a) = d(a) + 9*h(a). Let n be z(2). Let x be (3/9)/(3/n). What is the greatest common factor of 14 and x?
14
Let r = -28 - -64. Let y be ((15/9)/1)/(4/r). Calculate the highest common factor of y and 5.
5
Suppose 5*z - 26 - 5 = -2*o, 4*o = -z + 107. What is the highest common divisor of 12 and o?
4
Let i(o) = -o**2 + 13*o - 22. Let s be i(9). Suppose -4*u + 68 = 4*r, 2*u - s = -4*r + 52. Calculate the greatest common divisor of 16 and r.
16
Suppose -6*x + 26 + 190 = 0. Calculate the greatest common divisor of 24 and x.
12
Suppose 5*i + 10 = 50. Let w = 50 + 22. What is the highest common factor of i and w?
8
Suppose -2*t = -3*z - 56, -7*z = -5*t - 8*z + 106. What is the highest common factor of 44 and t?
22
Let l = -71 - -101. Let x be 30 - 3 - (0 - -2). Suppose -10 + x = i. What is the greatest common divisor of l and i?
15
Let j = 2 + 1. Let x(f) = -f**2 - 7*f - 9. Suppose -3*v = -0*v, 5*b + 5*v = -15. Let h be x(b). Calculate the greatest common divisor of j and h.
3
Let b(o) = o + 11. Let q be b(-6). Suppose s - 3*m = -q, 4*m + 73 = -5*s + 3*m. Let h = 30 + s. What is the highest common divisor of h and 16?
16
Suppose -6 = -3*d, 0*l + 3*d + 18 = 2*l. Suppose 0 = 3*x - 3 - l. What is the highest common factor of 20 and x?
5
Let x = -128 + 141. What is the highest common factor of 52 and x?
13
Suppose -110 = 613*k - 615*k. Calculate the highest common divisor of 44 and k.
11
Let r be (68 + 0)*(5 - -2). Calculate the greatest common divisor of 28 and r.
28
Let o = 21 + 1. Let f be 2776/18 + (-40)/180. What is the highest common factor of f and o?
22
Suppose -3*t + 1250 = 2*t. Suppose 5*i + 3*j = 137, -2*j - 113 = -5*i + j. What is the greatest common divisor of t and i?
25
Suppose 26*o - 4*o = 7260. What is the greatest common divisor of 60 and o?
30
Suppose 773 = 8*y - 283. Let c be 24/(-1)*(-1)/2. Calculate the highest common divisor of y and c.
12
Let o = 210 + 534. Calculate the greatest common divisor of o and 93.
93
Let x(t) = -t**3 - 32*t**2 - 28*t - 478. Let j be x(-32). Calculate the greatest common divisor of j and 38.
38
Suppose -2*l - 14 = -0*l. Let r(o) = o**3 + 8*o**2 - 7*o - 10. Let v be r(l). Suppose 32 = 4*y - 0*y. What is the highest common factor of v and y?
8
Let r(n) = -n**3 + 4*n**2 + 55*n - 28. Let z be r(-7). Calculate the highest common factor of 91 and z.
7
Let p = 90 - 65. Suppose 3*z + z - 24 = 0. Let q(u) = 2*u - 7. Let c be q(z). Calculate the greatest common divisor of p and c.
5
Let z be 22135/30 + (-7)/(-42). Calculate the highest common factor of z and 82.
82
Let o = 99 - -88. What is the greatest common factor of 17 and o?
17
Let r be ((-7)/4)/((-1)/8). Suppose -o = 3*c - 18, 0 = 3*o + 4*c - 25 - r. Let i(u) = -31*u + 253. Let b be i(7). What is the highest common divisor of o and b?
9
Suppose -2*s + 3*s - 151 = 2*i, -4*i = -3*s + 449. What is the greatest common factor of s and 357?
21
Let p be (-75)/(-5)*((-24)/10)/(-1). Let g be 2526/p - 3/18. Calculate the greatest common divisor of g and 28.
14
Let v(g) = -55*g**3. Let a(f) = 2*f**3 - f**2 - f. Let j be a(-1). Let k be 2*-1*j/(-4). Let t be v(k). What is the greatest common factor of 5 and t?
5
Suppose 2*c - 7*c + 4*u + 28 = 0, 4*u = -8. Suppose 4 = c*m - x - 0*x, 0 = 2*m + 2*x - 12. What is the greatest common factor of 18 and m?
2
Let y(a) = a**3 + 7*a**2 - 16*a + 22. Let u be y(-9). Suppose v - 40 = -5*j - u*v, 0 = -3*v. Calculate the highest common factor of j and 56.
8
Suppose 12*r = 24*r - 288. Calculate the highest common divisor of r and 8.
8
Let t = 418 + -368. What is the highest common factor of t and 1025?
25
Suppose q - 43 = 2*k + 22, -q + k = -64. Let p = 2 + 7. Calculate the highest common divisor of q and p.
9
Let d(x) = x**2 - 5*x - 26. Let v(i) = -i**2 + 9*i + 3. Let r be v(8). Let w be d(r). Let f = -3 - -19. What is the highest common factor of w and f?
8
Suppose 0*h + h = 8. Suppose h*v + 875 = 13*v. Let b be 354/14 + (-4)/14. What is the highest common divisor of v and b?
25
Let q be ((-132)/(-6))/(0 - -2). Let m = -15 + q. Let r = 5 - m. What is the greatest common divisor of r and 27?
9
Suppose 0 = -26*k + 18*k + 520. What is the highest common factor of 351 and k?
13
Let r = 5 + -8. Let l(q) = -2*q**3 + 3*q + 4. Let v be l(r). Suppose h + 2*i - 52 = 0, -v = -h - 2*i + 3*i. Calculate the greatest common factor of h and 10.
10
Let t be ((-1136)/(-213))/(1/(3/2)). Calculate the greatest common factor of t and 808.
8
Let b(g) = g**3 - 2*g**2 - 4*g + 3. Let q = -6 + 9. Let p be b(q). Suppose p = 4*y - 0*y - 40. Calculate the greatest common factor of y and 5.
5
Suppose -3840 = -25*k + k. What is the highest common divisor of 40 and k?
40
Suppose -6*x + 8 = -7*x. Let j be -4 + -2*44/x. Calculate the greatest common factor of j and 21.
7
Suppose 0 = -0*x - 2*x - 5*c + 1267, -2*c = 3*x - 1928. What is the greatest common divisor of x and 76?
38
Suppose -781 - 1949 = -21*g. What is the highest common divisor of g and 20?
10
Let s(i) = 637*i + 6415. Let m be s(-10). Let v = -19 - -28. What is the highest common divisor of v and m?
9
Suppose 3*a + 3*b = 54, 2*a - 2*b - 69 = -3*a. Let k = a + 20. Let n(t) = 3*t**2 + 2*t - 2. Let z be n(2). Calculate the highest common divisor of k and z.
7
Let a(h) = 9*h + 6*h - 16*h + 3*h. Let j be a(9). Let p = 4 + 5. Calculate the greatest common divisor of p and j.
9
Suppose -2*r - 3*i = -1 - 28, 11 = 2*r - 3*i. Calculate the greatest common factor of 10 and r.
10
Let v(w) be the first derivative of -7*w**2/2 - 30*w - 13. Let r be v(-8). Calculate the greatest common factor of r and 65.
13
Let h(n) = n**2 + 3*n - 35. Let a be h(10). Suppose 5*d - 30 - a = 0. Calculate the greatest common factor of d and 25.
25
Let y(x) = -x**3 - 2*x**2 + 14*x + 12. Let w be y(-4). Let o = w - -13. Calculate the greatest common factor of o and 1.
1
Let w = -4 - -24. Suppose -3*j - 2*f + 62 = 0, 0*f + 4*f = -w. What is the greatest common factor of 6 and j?
6
Suppose -j = 5*d - 3167 - 1199, 12 = -3*j. Calculate the greatest common divisor of 38 and d.
38
Let w(j) = j**3 + 16*j**2 - 3*j - 24. Suppose 48 = 5*z - 8*z. Let x be w(z). Calculate the highest common factor of x and 6.
6
Suppose -139 = -15*x - 2*o, -3*x + 8 = -4*o - 11. Let g(y) = -6*y - 3. Let w be g(-5). Calculate the greatest common divisor of x and w.
9
Let h(y) = -y**2 + 2*y + 6. Let r be h(5). Let z = r - -10. Let u = 1 + z. What is the greatest common factor of u and 14?
2
Suppose -p = 7 - 38. Let v = 55 - p. Suppose -h + v = -5*d, 7 = 4*h - 4*d - 57. Calculate the highest common factor of h and 56.
14
Suppose 0 = -45*f + 36*f + 252. Calculate the greatest common factor of f and 72.
4
Let s = -35 + 25. Let t be s/(-45) + (-97)/(-9). Suppose -5*g + 449 = 22*o - 19*o, -100 = -g - 4*o. What is the greatest common factor of t and g?
11
Let i(b) = b**2 + 2*b - 52. Let f be i(12). Calculate the greatest common factor of 319 and f.
29
Let a = 1568 - 1539. Calculate the highest common divisor of a and 2291.
29
Suppose -3*h + 88 = 2*k, -k = h - 3*k - 40. Suppose h - 76 = -d. Let m = 1846 + -1842. Calculate the greatest common divisor of d and m.
4
Let i be 516/(-43)*(-132)/16. Suppose -11 = -x - 0*x. Calculate the highest common factor of x and i.
11
Suppose 7*c + u - 701 = 3*c, -543 = -3*c + 5*u. What is the greatest common factor of c